2). Calculate the highest common factor of i and g.
4
Suppose 0 = 5*t - 5*c - 90, 4*c + 88 = 7*t - 2*t. Calculate the greatest common divisor of 128 and t.
16
Let w = 12 + 8. What is the greatest common factor of w and 8?
4
Let t be 1 + -3 - -1 - -5. Let k(i) = -i + 14. Let r be k(13). Calculate the highest common factor of r and t.
1
Suppose -n = 233 - 261. What is the highest common factor of n and 14?
14
Suppose -7*z = -8*z + 17. What is the highest common divisor of 17 and z?
17
Let w = 62 + -37. Suppose 4*v = 0, 5*f - w = -v + 4*v. Let r be (-4)/2 - 3*(-132)/18. What is the highest common factor of f and r?
5
Let h(g) be the second derivative of -22*g**3/3 + g. Let o be h(-4). Calculate the greatest common divisor of 16 and o.
16
Let o be (1 - -1)*1 + 36. What is the highest common factor of 95 and o?
19
Let y(u) = u - 1. Let z be y(5). Suppose -3*h - 4*a + 64 = 0, z*h = a - 0*a + 98. Calculate the highest common factor of 8 and h.
8
Suppose 0 = -4*y - 2*d - 0*d + 12, -y + 5*d - 8 = 0. Let k(q) = 34*q - 2. Let p be k(y). What is the greatest common divisor of 6 and p?
6
Let y be ((-66)/(-18))/(3/18). What is the highest common factor of 88 and y?
22
Suppose 4*s + 9 = -p + 8*s, -3*p + 43 = 2*s. Let l be 13 + -2*(-2)/(-2). Calculate the highest common factor of p and l.
11
Let c = -3 - -7. Let q(j) = 7*j. Let x be q(c). Suppose -4*y + 11*y = 490. Calculate the highest common factor of x and y.
14
Let k(n) = -n**3 - 4*n**2 - 5*n - 3. Suppose 2*b + 16 = -2*b. Let g be k(b). Calculate the highest common factor of 17 and g.
17
Let j(a) = 2*a**2 + 4*a + 1. Let k = 12 - 15. Let s be j(k). Calculate the greatest common divisor of 14 and s.
7
Let r be -254*(-1)/2 + -1. Suppose s = 4*h + 81, 2*s - h + r = 4*s. What is the greatest common factor of s and 13?
13
Suppose -149 + 29 = -4*c. Let f = 2 - -4. What is the greatest common divisor of f and c?
6
Let v = -4 + 4. Suppose 2*u + u - 30 = v. What is the greatest common factor of 10 and u?
10
Let s(c) = -c**3 - 8*c**2 - 7*c + 11. Let w be s(-7). What is the highest common divisor of w and 11?
11
Suppose g + 58 = 3*g. Suppose -5*a + 3*k = -g, 5*k + 11 = -4*a + 3*a. Suppose 0 = -a*d - 6 + 38. Calculate the highest common divisor of 88 and d.
8
Suppose -4*w = -2*b - 86, 80 = -w + 5*w - 4*b. Calculate the greatest common factor of 253 and w.
23
Let t be (-4)/2 - (-6 + 2). Suppose -3*x + 3*n = -3, -2*n + 1 = x + t*n. Let l(r) = r**2 - 3*r - 7. Let p be l(5). What is the highest common factor of p and x?
1
Let y = -97 + 67. Let w be (-2)/5 - 552/y. What is the greatest common factor of 72 and w?
18
Suppose 5*v - 4*v = -s, 2*s = 3*v - 15. Let y be ((-20)/6 - s)*-99. Calculate the highest common divisor of y and 11.
11
Let t(m) = m**2 - 3*m + 9. Let h be t(-15). Calculate the highest common divisor of 31 and h.
31
Let o(a) = -a**3 + 12*a**2 + 16*a - 15. Let u be o(13). Calculate the highest common factor of 18 and u.
6
Let q be (-256)/(-14) + 2/(-7). Let i = -3 + 6. Suppose 2*m + 4*r - i*r = 21, 0 = -m - 4*r + 21. Calculate the greatest common divisor of m and q.
9
Let j(c) = c**3 - 10*c**2 - 10*c - 8. Let b be j(11). Let a be 2*1 + 3/(-3). What is the greatest common factor of a and b?
1
Suppose -m + 20 = 4*f, -3*f + 10 - 1 = 0. What is the highest common divisor of 12 and m?
4
Suppose -4*o - 138 = -22. Let j = o + 84. Calculate the greatest common factor of 11 and j.
11
Suppose -2*n = -3*i - 15 - 3, 0 = -2*n + 4*i + 18. What is the greatest common factor of n and 6?
3
Suppose -2*y = 4*u - 48, -2*y = -2*u - y + 16. Let m(x) = x**3 + 8*x**2 + 5*x + 11. Let n be m(-7). What is the highest common divisor of n and u?
5
Let b = 7 + 13. Let c = 6 - -14. What is the highest common divisor of c and b?
20
Suppose -5*h - 5 = 0, 0*y - h = 2*y - 7. Suppose 3*j + 5*i - 8 - 3 = 0, 4*j + y*i - 28 = 0. Calculate the highest common factor of j and 3.
3
Let u be 570/48 + 2/16. What is the highest common divisor of 204 and u?
12
Let k = 42 + -35. What is the highest common factor of k and 56?
7
Suppose 3*n - 5*t = -187, -2*n - 165 + 37 = -5*t. Let h = n - -93. Calculate the highest common divisor of h and 51.
17
Let u be 45/9*2/5. What is the greatest common factor of u and 4?
2
Let k = 101 - 2. Let v(d) = 2*d - 23. Let q be v(17). What is the greatest common factor of q and k?
11
Suppose 2*w - 37 = -3. Let s = -10 + w. Calculate the greatest common divisor of 7 and s.
7
Let j be (1 + 0/4)*135. Calculate the greatest common divisor of 27 and j.
27
Let l(u) be the second derivative of -u**3/3 - 2*u**2 + 2*u. Let d be l(-10). What is the greatest common divisor of d and 112?
16
Let c(m) = -2*m - 18. Let y be c(-10). What is the greatest common divisor of y and 2?
2
Suppose -3*j - 21 = -5*a - 4*j, 24 = 4*a - j. Let k(r) = -2*r + 2*r**2 - 3 - 3 - r**2. Let f be k(a). Calculate the highest common divisor of f and 63.
9
Let o be ((-152)/(-10))/(-2 + (-12)/(-5)). Calculate the greatest common divisor of o and 418.
38
Suppose 7*n - 12 = 4*n, l - 2*n = 62. Calculate the highest common factor of 14 and l.
14
Let t(n) = -n**3 + 5*n**2 - 2. Let b be t(5). Let q be b/(-6) + (-287)/(-3). Let c be 0 + 0 + -9 + 21. What is the greatest common factor of q and c?
12
Let p be ((-2)/(-4))/((-1075)/180 - -6). Calculate the greatest common factor of 6 and p.
6
Suppose -a = 3*a - 40. Let s be 1/2 - a/(-4). Suppose -s*c = -c - 24. Calculate the highest common divisor of c and 4.
4
Let k(h) = 48*h**3 + h**2 - h. Suppose -5*s + 5 = -0*s. Let p be k(s). Let c = p - 32. What is the greatest common factor of c and 24?
8
Let c = -17 - -48. Calculate the greatest common divisor of c and 341.
31
Let j(x) be the third derivative of -x**6/120 + x**4/24 - x**3/6 - 4*x**2. Let b be j(-2). What is the greatest common divisor of 45 and b?
5
Suppose -5 = -o, 4*m - 7*o + 3*o - 12 = 0. Let w = -9 + m. Let s be (w/(-3))/((-1)/(-42)). What is the highest common divisor of s and 21?
7
Let f = 24 + -36. Let z be (-6)/f*(-3 + 1). Let s = z + 10. What is the highest common factor of 63 and s?
9
Suppose 0 = -2*c - 23 - 47. Let u = -14 - c. Let a = 35 - u. What is the highest common factor of a and 112?
14
Let u(b) = 5*b**2 - 9*b - 5. Let o be u(-6). Suppose 5*g + 2*i - 5*i = o, -2*g + i = -91. Calculate the highest common factor of g and 4.
4
Let j = 9 - 4. Suppose -j = -5*n, 4*y - n + 76 = -149. Let r = y - -112. Calculate the greatest common divisor of 8 and r.
8
Let f = 162 + -137. Calculate the greatest common factor of f and 225.
25
Let i = -174 - -288. Let o = i - 81. Calculate the highest common divisor of 11 and o.
11
Let x(t) = -5 - t**2 + 12 - 13*t + 13 - 4. Let h be x(-11). What is the highest common factor of h and 95?
19
Suppose 2*f + 698 = 4*x, -x + 164 = -5*f + f. What is the highest common factor of 22 and x?
22
Let n = -5 + 24. What is the highest common divisor of n and 95?
19
Suppose -l + 3*l = 32. What is the highest common divisor of l and 8?
8
Let j be -1 + (2 - 0)*34/4. Let f = -3 + 19. Calculate the greatest common divisor of f and j.
16
Let i(x) = x**2 - x. Let j be i(2). What is the highest common divisor of j and 10?
2
Let g(z) = z**2 - 7*z - 8. Let p(l) = 10*l**3 + l**2. Let a be p(1). Let o be g(a). What is the highest common divisor of o and 12?
12
Let h(n) = 3*n - 6. Let s be h(4). Let i be (-170)/(-8) - (-3)/(-12). Let x = i - -45. What is the greatest common divisor of x and s?
6
Let j = -16 + 30. Let v = j + -5. What is the greatest common divisor of 1 and v?
1
Let k = 166 + -103. What is the greatest common factor of k and 7?
7
Let a = 57 - 26. Let i = a + 13. What is the highest common divisor of i and 11?
11
Let f(y) = 52*y - 2. Let t be f(-3). Let k = 356 + t. Calculate the greatest common divisor of 18 and k.
18
Suppose -j + b = 4*b - 15, -3*j - b + 29 = 0. What is the highest common factor of 63 and j?
9
Let z be (-12)/42 + 732/14. Suppose -f = f - z. Suppose 2*h - 2*g - 2*g = 98, 0 = 3*h - 5*g - 142. What is the highest common factor of h and f?
13
Suppose -20 = -6*g + 10. What is the greatest common factor of g and 35?
5
Let r(a) = -3*a + 3. Let k = 11 - 15. Let j be r(k). Suppose -3*f + 2*c + 92 = -f, 0 = -f - 3*c + 42. What is the highest common divisor of f and j?
15
Suppose v + 3*q - 3 = 0, -5*v + 4*q + 10 = -4*v. Let h = 